 = 2*p. Let s(r) = 2*r + 43. Let y be s(-16). Let v be y/((-128)/26 - -5). What is the greatest common divisor of p and v?
13
Let t = -184 - -258. Let c = 95 - t. Calculate the greatest common divisor of 119 and c.
7
Suppose -4 = k + 3*o, 104*o = -5*k + 107*o + 52. Calculate the highest common divisor of 394 and k.
2
Let c be (-1003)/(-7) + (-4)/14. Suppose 273572 = 4199*r + 3210*r - 2148*r. What is the greatest common factor of c and r?
13
Let n be (-2708)/7447 + 88950/11 + -1. Calculate the greatest common factor of 165 and n.
165
Let u(v) = 259*v**2 + 193*v + 45. Let g be u(5). What is the highest common factor of g and 60?
15
Let t = 707 + -713. Let v be 352*2/t*-3. Calculate the greatest common divisor of 11 and v.
11
Let d = 73 + -73. Let t be ((d - 0)/(-3 - -6))/(-2). Suppose 5*g + 2*g - 133 = t. What is the highest common factor of 57 and g?
19
Let w = -530 - -529. Let d be (15/(-9) - w)/((-6)/1377). What is the highest common divisor of 102 and d?
51
Suppose 0 = -3*d - 7*d + 13*d - 1206. Calculate the greatest common factor of 48 and d.
6
Let n = 68 - -107. Let j = n - -401. Calculate the greatest common divisor of 6 and j.
6
Let l = 330 + -314. Calculate the highest common divisor of 2000 and l.
16
Let v be ((-9288)/3612)/((-1)/(224/6)). What is the highest common divisor of 16 and v?
16
Let u = 30612 - 30346. Suppose 0 = -3*c - 4*y + 102, -y - 17 - 24 = -c. What is the greatest common factor of c and u?
38
Let r(i) = i**3 - 3*i**2 - 8*i - 9. Let w be r(5). Suppose 10 = k - z, -24 = -4*k + 3*z + 11. Calculate the greatest common factor of w and k.
1
Let h(u) = 144*u + 3. Let c be h(1). Let o(v) = -v**3 - 2*v**2 - 10*v - 9. Let i be o(-4). Calculate the greatest common factor of c and i.
21
Suppose 2*g = -2*o + 4, 4*o = g + 8*o - 2. Suppose -t - 5*h + 234 = 0, 2*t + g*h = 6*h + 468. What is the highest common divisor of t and 26?
26
Suppose 5*h - 59 = 39 + 72. Calculate the greatest common divisor of 697 and h.
17
Let l(b) = -34*b - 132. Let g be l(-4). Suppose -g*z - 1640 = -12*z. What is the greatest common divisor of z and 123?
41
Suppose -t - x + 4*x = -22, -4*t + 2*x + 78 = 0. Suppose -4*o + t = -161. What is the highest common divisor of o and 27?
9
Let h = 10 - -10. Suppose 3*c + 3*d - 2 = -8, 0 = -5*d - h. Suppose -3*y + c = -13, 5*n = -5*y + 830. What is the greatest common factor of 23 and n?
23
Let j = 109 - 39. Suppose 3*r = -7*r - j. Let x be 15 + ((-4)/2 - (-7)/r). Calculate the greatest common factor of 108 and x.
12
Suppose -2*g - n = -6*n - 110, -3*n + 6 = 0. Suppose -3*i = -i - g. Let y be (335/(-65) - -5) + 8908/442. What is the highest common divisor of i and y?
10
Suppose 59*o - 45*o + 40950 = 29*o. What is the greatest common factor of 60 and o?
30
Suppose q - 5*a - 25 = 0, -a = -4*q + 4*a + 40. Let w(i) = -q*i + 6 - 4 + 11. Let g be w(-4). Calculate the greatest common factor of 11 and g.
11
Let l(m) = -m**3 - 2*m**2 + m - 1. Let d be l(-3). Suppose 313 = d*y - 7. Suppose -t = t - y. Calculate the highest common factor of t and 352.
32
Suppose -3*a + 151 = -182. Suppose -5*k - a = -6*k. What is the greatest common divisor of k and 3?
3
Suppose 87*t = 39*t + 31*t + 2295. Calculate the highest common divisor of 1200 and t.
15
Suppose 4*y + 3*c - 65 = 0, 5*y + 71*c = 68*c + 85. Suppose v + f - 91 = 94, 590 = 3*v - 4*f. Calculate the highest common divisor of v and y.
10
Suppose -2*v - 2*y - 94 = -4724, -2*v - 3*y + 4623 = 0. What is the greatest common factor of v and 344?
86
Suppose 122*q - 18*q - 3865520 = -107*q. Calculate the highest common divisor of 229 and q.
229
Suppose -110 = -4*o - 18. Let q(k) = -10*k**3 - 18*k**2 + 3*k - 6. Let a be q(-5). Suppose -18*f + a = -1291. What is the highest common factor of o and f?
23
Suppose 52*l - 15556 = -6508. What is the highest common divisor of l and 9048?
174
Suppose 180*w - 371508 - 164693 = 246079. What is the highest common divisor of 212 and w?
106
Let x(n) = -3*n**3 + 105*n**2 - 4*n + 167. Let q be x(35). Calculate the highest common divisor of q and 15741.
27
Suppose -k - 4 = -1, -2*k = -2*n + 12. Suppose -11 - 121 = -n*w. Suppose -8*t + 4*t = -w. What is the highest common divisor of t and 121?
11
Suppose -3*x + 12 = 0, -4*c + 800 = 20*x - 15*x. Calculate the greatest common divisor of c and 11700.
195
Let h = -23712 - -24062. What is the highest common divisor of h and 7630?
70
Let w = 0 - -6. Let i(m) = m - 128. Let h be i(9). Let o = h + 121. What is the highest common factor of w and o?
2
Suppose 4*o - 3280 = -3*u, -4*u = -3*o + 2*o - 4367. Let t = -714 + u. Calculate the highest common factor of 27 and t.
27
Let p(z) = 17*z**2 + 183*z - 138. Let t be p(-22). What is the greatest common factor of t and 32?
32
Let h be 16/6*(-405)/(-60). What is the greatest common divisor of h and 246?
6
Let j(m) = 8*m**2 + 6*m - 4*m**2 + 37 - 35. Let b be j(-3). Let n be -1 + 1 - (-3 - 27). Calculate the highest common divisor of n and b.
10
Let z(t) = t**2 + 20*t + 318. Let q be z(0). What is the greatest common factor of 689 and q?
53
Suppose -5*g + 20 = -35. Suppose 63 = 5*x + 3. Suppose x*p = g*p + 20. What is the greatest common factor of p and 220?
20
Let r = 1921 + -930. Suppose r = 26*i + 107. What is the greatest common divisor of 714 and i?
34
Let t = -8 - -21. Suppose 0 = -3*i - 5*v + t, v = 2*v + 1. Calculate the highest common factor of 348 and i.
6
Suppose -1425 = -2603*z + 2598*z. Calculate the greatest common factor of z and 15.
15
Let y be (-17 - 285/(-19))*(-3 + -1). Let o = -55 + 111. What is the greatest common divisor of y and o?
8
Let v = 793 - 1323. Let i = 802 + v. Let d be ((-2)/10)/((-2)/340). What is the greatest common divisor of d and i?
34
Suppose 2*k = -l - 2, -3*k - 20 - 27 = -4*l. Let c = 428 - 343. Let h be (544/c)/(-3 - 62/(-20)). What is the highest common factor of h and l?
8
Let p(q) = 55*q + 2. Let u be p(2). Let w = 24 - 12. Suppose 0 = s + 4*o - w, 3*s + 0*o + 5*o - 43 = 0. What is the greatest common factor of s and u?
16
Let z = -203 - -280. Suppose 35 - z = -3*x. Calculate the highest common divisor of x and 14.
14
Let f(g) = 54*g + 85. Let c be f(3). What is the highest common factor of 323 and c?
19
Suppose 809 = -17*b + 2356. Calculate the greatest common divisor of 143 and b.
13
Let b = -527 + 533. Let i(z) = 19*z**2 + 17*z + 20. Let t be i(b). Calculate the highest common factor of t and 13.
13
Suppose -107 = -15*c - 82 + 230. Calculate the highest common divisor of 969 and c.
17
Let u = 365 + -56. Let b = u + -291. Calculate the highest common divisor of b and 198.
18
Let w(q) = q**3 + 38*q**2 + 147*q - 51. Let x be w(-20). What is the greatest common divisor of x and 138?
69
Let x be (0*(-5 + 4))/((-1)/(-1)). Suppose x = -l + t - 6*t + 43, -4*l = 2*t - 82. Calculate the greatest common divisor of 6 and l.
6
Suppose -2*k = 4*n - 35382, -58*k = 4*n - 54*k - 35372. Calculate the highest common factor of n and 224.
112
Let o(i) = 7*i**2 - 3*i + 2. Let k be o(2). Suppose -2*r = -2*g - 14, 2*r - 9 = 106*g - 109*g. What is the greatest common factor of k and r?
6
Let v be (0 - -1 - -1)*(-42)/(-28). Suppose -5*z + 44 = 4*b, -z - 17 = -4*b + v. Let h be 4/b*(-9 - -12). What is the highest common factor of h and 6?
2
Let u be 632 + (-2 - (1 - 2)). Suppose -393 - u = -4*w. Let o be (-48)/(-528) - (-702)/22. Calculate the highest common divisor of w and o.
32
Let g be 60/(-3)*(-169)/26. What is the greatest common divisor of g and 2015?
65
Suppose -40 + 42 = o. Suppose -1 = -a, 0 = g + o*a - a - 2. Let q = g + 19. What is the highest common divisor of 50 and q?
10
Suppose -2248 = 35*g - 1248703. What is the greatest common divisor of 27 and g?
27
Suppose 0 = -4*v, i = 2*i - 4*v - 301. Let f(j) = 5*j + 4*j - i + 262. Let g be f(5). What is the highest common divisor of 8 and g?
2
Suppose 790*t + 40 = 791*t. Let b be (-4)/(-6) + -2*29/(-3). What is the greatest common divisor of b and t?
20
Let w(v) = -16*v + 4*v + 5*v + 6*v + 13. Let g be w(10). Let a be (g + -1 - 0)*28. Calculate the greatest common factor of 14 and a.
14
Let a(h) = 3*h**2 + 2*h - 110. Let v be a(-39). Calculate the greatest common divisor of v and 35.
35
Let y = -93 + 148. Let m be (-2)/(-8)*0*-1. Suppose m*j + 11 = j. Calculate the greatest common divisor of 